ulate the greatest common divisor of 150 and d.
25
Let c be (204/16)/((9/(-1830))/(10/(-25))). What is the greatest common divisor of c and 459?
17
Let s = 40 + -41. Let i(h) = -19*h**3 + 2*h + 2. Let o be i(s). Suppose -4*p + 33 = -2*p + x, p - 2*x = o. Calculate the greatest common divisor of 51 and p.
17
Let v = -6081 - -6219. Calculate the highest common factor of 6 and v.
6
Suppose 0*m - 260 = -32*m - 20*m. What is the greatest common factor of 6505 and m?
5
Let i = 76717 - 76640. Suppose 2*f - 6*f + 40 = 0. Let z = 17 - f. Calculate the greatest common factor of z and i.
7
Let n be ((-64)/(-10))/(1827/33115 - 28/518). Calculate the greatest common factor of n and 32.
32
Let k be 16/2 - 21112/(-78)*3. Calculate the greatest common divisor of 8364 and k.
164
Suppose -3*a = -5*w + 271 - 269, 0 = -3*a - 4*w + 7. What is the greatest common divisor of a and 759?
1
Let k = 23 - -196. Suppose -61 - k = -4*j. Calculate the greatest common divisor of j and 315.
35
Let i(x) = x. Let v(b) = -36*b + 161. Let r(g) = -5*i(g) - v(g). Let s be r(20). What is the highest common factor of s and 27?
27
Let c = 129 + -125. Suppose -400 = -s - c*s. What is the greatest common factor of 32 and s?
16
Suppose -83*w = -128*w + 24525. Calculate the greatest common divisor of w and 40.
5
Suppose -5*p + 62 + 48 = 0. Suppose -i + p = -44. Let o = -38 + i. Calculate the greatest common divisor of 70 and o.
14
Let v(t) = -2*t**3 + 120*t**2 + 8*t - 438. Let q be v(60). What is the greatest common divisor of 5124 and q?
42
Let r = -8 - -15. Suppose 0 = -60*s + 21*s + 2457. What is the highest common divisor of r and s?
7
Let g = 78 - 123. Let v be (-2 - -5)/((-27)/g). Suppose 0 = 5*x - 0*x - v. Calculate the greatest common divisor of x and 2.
1
Let a be 20/(-84)*-426 + 6/(-14). Calculate the greatest common divisor of 2929 and a.
101
Let k = -4468 + 11666. Calculate the greatest common factor of 305 and k.
61
Let v = -77 + 79. Suppose -4*g + 216 = -4*l, -1 = v*l - l. What is the greatest common divisor of 689 and g?
53
Let i = -938 + 1694. Let w = -63 - -91. What is the greatest common divisor of i and w?
28
Suppose -4*g = 40, 0 = 865*y - 868*y - 3*g + 60. Let v be (-4)/(-18) + 943/9. What is the highest common divisor of y and v?
15
Let w = -3790 + 4385. Calculate the greatest common factor of 68 and w.
17
Let r(i) be the first derivative of i**3 - 11*i**2 + 73*i + 29. Let h be r(10). Let p be (3 + -54)/(2/(-4)). What is the highest common factor of p and h?
51
Suppose 39*q + 144 = 456. Calculate the greatest common factor of 46 and q.
2
Let n(m) = 2*m**3 + 31*m**2 - 66*m - 111. Let u be n(-17). What is the greatest common divisor of u and 368?
16
Let w = -7220 + 7286. Calculate the highest common divisor of 58 and w.
2
Let a = 14417 - 14021. What is the greatest common factor of a and 684?
36
Let z(c) = 17*c + 4. Let f be 187/66 + 3*1/18. Let h be z(f). Let u = h + 25. What is the greatest common factor of 40 and u?
40
Let l = 11 + -8. Suppose -5*s - 3*n = -64, 0 = -5*n - 9 - 1. Suppose -d = -4*k - s, -l*d + 5*d - 2*k - 58 = 0. What is the greatest common factor of d and 306?
34
Suppose -20*f + 4222 = 162. Calculate the greatest common divisor of 522 and f.
29
Let k = -16101 - -16266. Calculate the highest common divisor of 1925 and k.
55
Let d(t) = 4*t**3 + 13*t**2 - 4*t - 10. Let s be d(-3). Calculate the greatest common divisor of s and 35.
1
Suppose -4*j + 5 = -4*n + 385, 5*j = 2*n - 178. Let i = n - 33. What is the greatest common divisor of 44 and i?
22
Let h be (-9)/36 - 519/4. Let z be (-14 - 1)*234/h. Suppose z = -3*f + 99. Calculate the highest common factor of f and 192.
24
Let y = 9174 + 1689. What is the greatest common divisor of y and 9?
9
Let y be (6 + -5)*(-681 - -3)/6. Let g = y + 171. What is the greatest common factor of 290 and g?
58
Let b be (6/4)/((-1)/(-2)) + 4. Let v(c) = -c**3 + 3*c**2 + 16*c + 19. Let k be v(6). What is the greatest common divisor of k and b?
7
Let v(l) = 438*l - 3914. Let j be v(9). What is the highest common factor of 11116 and j?
28
Let y(z) = -15*z - 43. Let n be y(-3). Suppose -9*s - n*b + 104 = -7*s, 0 = -5*s + b + 236. Calculate the greatest common divisor of 6 and s.
6
Let c(m) be the third derivative of -m**5/60 + m**4/3 + m**3 + 28*m**2. Let s be c(8). Suppose -90 = -s*a + 30. What is the highest common factor of a and 140?
20
Suppose 95*a + 72*a - 132*a - 153300 = 0. What is the highest common divisor of 60 and a?
60
Let g be (-8)/56 - -1*87/21. Suppose 120 = 4*x + 5*m - 268, 2*x - m - 208 = 0. What is the highest common factor of x and g?
2
Suppose 4*b - 2*m - 12 = 0, -3*b - 55*m + 60*m = -9. Let a be 3 + 6*3/b. What is the greatest common factor of a and 2?
1
Let a(j) be the third derivative of -j**6/120 + 4*j**5/15 - 7*j**4/24 - 16*j**3/3 - 42*j**2. Let b be a(15). What is the greatest common divisor of 64 and b?
8
Let n = 96 + -66. Suppose -a + 26 = -3*z, a + 2 - n = 4*z. Let u = -161 - -261. Calculate the greatest common factor of u and a.
20
Suppose 23*h = 29*h - 66. Suppose 27 = h*d - 17. Suppose d*v - 5*p + 3*p = 16, 4*v + 5*p - 2 = 0. What is the greatest common factor of 3 and v?
3
Suppose 23 = 3*d - 3*y - 19, -2*d = -5*y - 40. Let r be 15/d - 3690/(-20). What is the greatest common divisor of r and 12?
6
Let t be (-12)/45 - 33872/(-120). Calculate the highest common divisor of t and 69.
3
Let x(k) = 38*k - 39. Let a be x(10). Suppose 119*z - 9 - 24 = 118*z. Calculate the highest common divisor of z and a.
11
Let i(x) = 28 - 54*x - 122 - 12. Let r be i(-5). Calculate the greatest common divisor of r and 4.
4
Let b = 3242 + -2752. Calculate the greatest common factor of b and 56.
14
Let r(n) = 3*n**3 - 4*n**2 + 4*n. Let c be r(2). Suppose -o - 7*o = c. Let b be o/4 - 3*484/(-24). Calculate the greatest common factor of b and 90.
30
Let k be 1089/(-6)*(5 - 7/1). Suppose -8*l = -6*l - 66. Calculate the greatest common divisor of k and l.
33
Let o be -6 - -11 - (2 - -3). Let g be 4 - (-38 + 0 + o). What is the highest common divisor of 56 and g?
14
Suppose 4*l - 2*q - 4044 = 0, 43*l - 3048 = 40*l - q. What is the greatest common divisor of l and 90?
6
Let y be (-18)/30*(-56 - (3 + -4)). Let l be (-3 + 4)/(3/y + 0). Calculate the greatest common divisor of 583 and l.
11
Let f be 243 - -4*(-1)/(-2). Suppose 16*n - 24 - 24 = 0. Suppose 315 = 6*t + n*t. Calculate the greatest common divisor of f and t.
35
Suppose -111*w = -31*w - 6560. Let b(m) = -26*m - 2. Let d be b(3). Let c = w + d. What is the highest common factor of 6 and c?
2
Let n(p) = p**3 - 6*p**2 - 13*p + 46. Let c be 16 + -14 - -5*1. Let s be n(c). Let x be 5/((-1 + -1)/(-4)). Calculate the highest common factor of s and x.
2
Let v be ((-12)/(-5))/((-6)/(-100)). Let r = -399 - -402. Suppose -a = 2*b - 201, -368 = -3*b + r*a - 71. What is the highest common divisor of b and v?
20
Let n be (-1 - -2)*(9 + -5). Let d = 18 - 30. Let k(c) = c + 32. Let o be k(d). What is the highest common factor of o and n?
4
Suppose 5*q - 65 = -3*y, -99 = -52*y + 47*y + q. What is the greatest common divisor of y and 2560?
20
Let f(z) = 3*z + 16. Let n(c) = 2*c + 8. Let p(a) = -4*f(a) + 7*n(a). Let r be p(6). Let b be 6/36*-12 - -6. What is the highest common divisor of r and b?
4
Let n = -32 - -142. Suppose 0 = 4*i + 3*r - 1386, i - r = 111 + 232. Let f = 367 - i. What is the greatest common factor of f and n?
22
Suppose -5*w + 30 = -0*w. Let n be (-103)/(-2)*(-4 + w). Let b = n + -93. What is the greatest common factor of 110 and b?
10
Let z be 1046/(215/40 + -5) - 6/(-9). Calculate the highest common factor of z and 180.
90
Let g be (-4 + 1692/234)*65. What is the highest common divisor of g and 2170?
70
Let a = 81 - 49. Suppose 0 = z + 4*u + 3 + 5, -z = -4*u - a. Let q(h) = -h**2 + 16*h + 4. Let b be q(z). Calculate the greatest common factor of 130 and b.
26
Let n(t) = t**3 - 13*t**2 + 12*t - 116. Let a be n(13). Calculate the greatest common divisor of 132 and a.
4
Let h = -3131 + 3143. Calculate the greatest common factor of h and 972.
12
Suppose 0 = -4*j - 30*c + 13*c + 1960, -3*c + 480 = j. Calculate the greatest common divisor of j and 192.
24
Suppose 0 = t + 120 - 515. Let p = -15702 - -15860. Calculate the greatest common factor of p and t.
79
Let a(s)